r?
False
Is 72626677373 a prime number?
False
Is 65488867927 composite?
True
Is 1771187149 prime?
False
Is 29313936523 a composite number?
False
Is 9249460783 prime?
False
Is 1111020409 composite?
False
Is 1312431481 prime?
True
Is 36410452069 a prime number?
False
Is 5601544222 a prime number?
False
Is 191293177 a composite number?
True
Is 934680983 a prime number?
True
Is 5848040147 prime?
False
Is 10391116033 a prime number?
False
Is 82817305 a prime number?
False
Is 15126758281 composite?
False
Is 114229049 prime?
False
Is 156650060111 prime?
True
Is 914277703 composite?
True
Is 113359629989 a prime number?
True
Is 12631291331 prime?
False
Is 3136949909 composite?
False
Is 96759754543 a prime number?
False
Is 790663447 composite?
True
Is 113266567819 prime?
True
Is 18502041191 prime?
True
Is 100739809 prime?
False
Is 52536761327 a composite number?
False
Is 1152351869 composite?
False
Is 16495137253 prime?
False
Is 51689290309 prime?
False
Is 63417419398 composite?
True
Is 2487892949 prime?
False
Is 6460191371 a composite number?
True
Is 79305361549 a prime number?
False
Is 36109305361 a prime number?
True
Is 17469559643 composite?
True
Is 41064909187 a prime number?
True
Is 117137341 composite?
False
Is 9795570823 composite?
True
Is 6611198395 a composite number?
True
Is 205427052251 prime?
False
Is 2804145163 prime?
False
Is 987730867 a composite number?
True
Is 28195259131 a prime number?
False
Is 12987803 a composite number?
True
Is 27636419911 a prime number?
False
Is 38726645149 composite?
True
Is 4200081907 a composite number?
True
Is 15183735293 composite?
True
Is 39328618583 a composite number?
True
Is 30344242271 composite?
True
Is 6851700847 a prime number?
True
Is 19432444679 composite?
False
Is 2676731 prime?
True
Is 261801146741 prime?
False
Is 4145405933 prime?
False
Is 53605187 composite?
False
Is 1271613989 a composite number?
False
Is 21918839342 a prime number?
False
Is 28075172171 a prime number?
True
Is 16403060197 prime?
True
Is 5473294637 a prime number?
False
Is 1809508963 composite?
True
Is 703632383 a composite number?
True
Is 2192926583 a composite number?
False
Is 98555269083 a prime number?
False
Is 16513003 a prime number?
False
Is 1374463711 composite?
True
Is 1553092493 a prime number?
True
Is 683220953 prime?
False
Is 212069861 prime?
True
Is 227645629 composite?
False
Is 42306949833 composite?
True
Is 348885809 a prime number?
False
Is 3001625845 composite?
True
Is 976205642 a prime number?
False
Is 27537435389 prime?
True
Is 1059609998 composite?
True
Is 71329359427 prime?
False
Is 8222823991 a prime number?
False
Is 4362412477 a composite number?
True
Is 50696504921 a composite number?
False
Is 5015555681 composite?
False
Is 2042471551 prime?
False
Is 93708731 a composite number?
False
Is 8562452039 a composite number?
True
Is 10685020919 prime?
False
Is 36172173341 a composite number?
False
Is 1140913079 a prime number?
True
Is 87318331 a composite number?
False
Is 3834276001 a composite number?
True
Is 389065979 a composite number?
True
Is 643148017 prime?
False
Is 14698962181 composite?
True
Is 34613937131 a prime number?
False
Is 2937791371 prime?
False
Is 21646181 composite?
True
Is 1299822943 a prime number?
False
Is 11498592643 composite?
False
Is 6058546501 a prime number?
False
Is 405380377 a composite number?
False
Is 638649961 a prime number?
False
Is 538492037 a composite number?
False
Is 137334818 prime?
False
Is 1780696381 composite?
False
Is 28697735783 a prime number?
False
Is 1180011629 a prime number?
True
Is 34307191937 composite?
False
Is 468589621 a composite number?
True
Is 477857833 prime?
False
Is 7120273403 composite?
True
Is 3070693463 prime?
False
Is 2740241293 a composite number?
False
Is 576245069 prime?
True
Is 2820589003 a composite number?
True
Is 2552672495 composite?
True
Is 1245168121 composite?
False
Is 1034473309 a prime number?
True
Is 6741524557 a composite number?
False
Is 99031025195 a prime number?
False
Is 17658201311 composite?
True
Is 913253261 composite?
False
Is 4028967811 prime?
False
Is 69596905993 composite?
False
Is 9319009159 composite?
False
Is 479373989 composite?
True
Is 24382391699 composite?
False
Is 8001115429 composite?
True
Is 836062039 composite?
False
Is 22868304721 composite?
False
Is 31495854983 a prime number?
True
Is 23654105107 a composite number?
False
Is 1385976899 prime?
False
Is 688161023 composite?
True
Is 4371396721 composite?
True
Is 7224383819 a prime number?
True
Is 64484528833 a composite number?
True
Is 7819043783 a composite number?
True
Is 818968603 a prime number?
True
Is 1055138083 prime?
True
Is 204928199 composite?
True
Is 24756643 composite?
False
Is 20077286447 composite?
False
Is 14698397 composite?
True
Is 43995542947 prime?
True
Is 15790387181 prime?
True
Is 178532833 composite?
False
Is 98092878547 a prime number?
True
Is 20920666009 composite?
False
Is 711441623 a prime number?
True
Is 2997118519 a composite number?
True
Is 2559422989 composite?
False
Is 703388767 prime?
True
Is 218565119 composite?
False
Is 1194142813 a prime number?
False
Is 1454256317 a prime number?
True
Is 33668310867 prime?
False
Is 191827817 a prime number?
True
Is 120264672383 prime?
True
Is 76835549299 a composite number?
True
Is 13134387262 a prime number?
False
Is 17278528961 a prime number?
True
Is 102536723 a prime number?
True
Is 157461648397 prime?
True
Is 54967954043 a composite number?
False
Is 10502644571 a prime number?
True
Is 1367545877 composite?
False
Is 40628255043 prime?
False
Is 232842641 a prime number?
False
Is 6815089747 prime?
False
Is 26372433 composite?
True
Is 74599811051 composite?
False
Is 15202438879 composite?
True
Is 1892190191 a composite number?
True
Is 11896854041 prime?
True
Is 39916931 prime?
True
Is 9753691427 a composite number?
True
Is 1402478137 a prime number?
True
Is 95948737 a prime number?
False
Is 244112833 prime?
True
Is 7758934441 prime?
False
Is 137596513 a composite number?
True
Is 581404001 a prime number?
True
Is 9705825579 a prime number?
False
Is 103052793839 a composite number?
True
Is 593920597 composite?
True
Is 3243252319 prime?
True
Is 18413961427 a prime number?
False
Is 637279003 composite?
True
Is 42487970435 prime?
False
Is 729331073 composite?
False
Is 20435081833 composite?
True
Is 2150003 a prime number?
False
Is 166082459 a composite number?
True
Is 16801697882 composite?
True
Is 929607827 composite?
True
Is 6060119279 a prime number?
True
Is 2671689173 a prime number?
True
Is 31794884041 composite?
False
Is 7487074121 prime?
True
Is 7020291637 a composite number?
True
Is 29555400293 a composite number?
False
Is 13853979529 composite?
True
Is 11331029957 a prime number?
False
Is 124301741 a composite number?
False
Is 3774909559 composite?
False
Is 9422425517 a composite number?
True
Is 1013606227 a prime number?
True
Is 12471482297 composite?
True
Is 35565190471 a prime number?
False
Is 3854059399 a composite number?
True
Is 21570726091 a composite number?
False
Is 233149981 a composite number?
False
Is 5767639159 composite?
True
Is 604100891 a prime number?
False
Is 91654673887 prime?
False
Is 4877072041 composite?
False
Is 3001540279 a prime number?
False
Is 882535109 composite?
True
Is 138841142111 prime?
False
Is 5554484513 a prime number?
True
Is 3811654393 composite?
True
Is 2028456538 composite?
True
Is 657104773 a prime number?
False
Is 13181989781 a prime number?
True
Is 30595975247 prime?
True
Is 24909415109 a composite number?
False
Is 2570935603 prime?
True
Is 117764670553 prime?
False
Is 50917946213 a prime number?
True
Is 8275776359 a prime number?
True
Is 1775617957 a prime number?
False
Is 38698037231 prime?
False
Is 7418761199 a prime number?
True
Is 36635257913 a prime number?
True
Is 494031599 a prime number?
False
Is 22586137121 prime?
False
Is 17731632977 a prime number?
True
Is 2554776277 a composite number?
False
Is 13894265059 composite?
False
Is 40302766373 composite?
True
Is 16099862761 composite?
False
Is 363037751 composite?
True
Is 275446383 a prime number?
False
Is 808022879 composite?
False
Is 13079376007 a composite number?
True
Is 224174681 a prime number?
True
Is 3696605053 prime?
True
Is 54986450521 a prime number?
True
Is 65110691 a com